(m) is divided by 5.
3
Suppose 196 + 232 = 107*x. Calculate the remainder when 57 is divided by x.
1
Let t be (-6)/4*-1*2. Suppose -6*c = -c - t*b - 55, 0 = -c + 5*b + 11. Let n = 289208 - 289182. Calculate the remainder when n is divided by c.
4
Suppose 2*n + 0 - 4 = 0. Suppose 3*x + n*x = 25. Let z(c) = -c**3 - 23*c**2 + 52*c + 77. Calculate the remainder when z(-25) is divided by x.
2
Let q(w) = 36*w + 269. Calculate the remainder when 2409 is divided by q(-6).
24
Suppose -2378*s - 332 = -2384*s - 134. What is the remainder when 350 is divided by s?
20
Suppose -5*p + 25 = 0, 5*s + 2*p + 3*p - 90 = 0. Let a = -251 - -281. Let l = a + s. Calculate the remainder when l is divided by 11.
10
Suppose -13539*l = -13529*l - 4110. Calculate the remainder when l is divided by 119.
54
Calculate the remainder when (-4098)/(-46) + (-42)/483 is divided by 35.
19
Suppose 148 = g - 61. What is the remainder when g is divided by 412/(-2266) + ((-1392)/(-11))/3?
41
Let x = -9811 + 9877. Calculate the remainder when 398 is divided by x.
2
Let c be (16/(-5))/((-3)/15). Calculate the remainder when 346 is divided by (-147)/(-392) - (-618)/c.
34
Suppose -87*l = -5*q - 82*l + 835, 5*q + l - 871 = 0. What is the remainder when q is divided by 31?
18
What is the remainder when 3246 is divided by (0 - (-423)/81) + 8 - (-2)/(-9)?
9
Suppose -j + 92 = -4. Suppose -2*t = -3*i + j, 7*i - 3*t = 3*i + 127. Calculate the remainder when 61 is divided by i.
27
Let k = 227 - 234. Calculate the remainder when k + 11 + (4 - 3) is divided by 3.
2
Let v = -42854 + 42991. Calculate the remainder when v is divided by 97.
40
What is the remainder when 498 is divided by 178 + 3 + (-17 - -4)?
162
Let f = -4119 + 4137. What is the remainder when 41 is divided by f?
5
Let c = 478 - 473. Calculate the remainder when 86 is divided by -3 - 12*(4 - c).
5
Suppose -2*j - 2 = 0, -d - 4*j - 132 = -5*d. Suppose 31 = 7*w - d. Calculate the remainder when w is divided by 3.
0
Suppose 73*n - 4592 = 17*n. Suppose 4*q = y + 123, -3*y - 9 = -q + 8. Calculate the remainder when n is divided by q.
18
Suppose -244 - 581 = -m. Let b = 53 - 30. Suppose -b*o - m = -28*o. What is the remainder when o is divided by 42?
39
Suppose 165 = 53*v - 48*v - 415. Calculate the remainder when 375 is divided by v.
27
Let u = -2868 + 3301. What is the remainder when u is divided by 145?
143
Let o(v) = -86 - 33*v**2 - v**3 - 23*v**2 + 22*v**2 - 5*v. What is the remainder when 837 is divided by o(-34)?
81
Let p = -6840 - -6875. What is the remainder when 338 is divided by p?
23
Let p(x) = 9*x + 27. Let n be p(-3). Suppose 2*q + 2*z = 76, -5*q - z - 2*z + 180 = n. Suppose 2*s + s - 39 = 0. What is the remainder when q is divided by s?
7
Let y = 136 - 132. Let q(u) = 14*u - 10. What is the remainder when q(y) is divided by 12?
10
Suppose -902 - 64 = 6*c. Let l = 192 + c. Let i = -16 + 29. What is the remainder when l is divided by i?
5
Suppose 0 = 3*h - 35 + 26. Suppose o - 5 = -h*d, 3*o + 35 = 8*o + 5*d. What is the remainder when o is divided by 7?
1
Let r = 13 + -11. Suppose -r*u + 6 = 38. Let s = u - -34. Calculate the remainder when s is divided by 11.
7
Let l(a) = -a**3 - 2*a**2 - 3*a - 2. What is the remainder when l(-2) is divided by 18*((-19807)/522 - -38)?
0
Let n = -8 + 30. Suppose n + 12 = b. Let l = -15246 + 15381. What is the remainder when l is divided by b?
33
Let b(h) = h**3 + 13*h**2 - 3*h + 14. Let f be b(-14). Let v = -41 - f. Calculate the remainder when v is divided by 26.
21
Let o(b) = 7*b - 31. Let a be o(5). Suppose w - 15 = -2*s, w - a*s - 89 = -4*w. What is the remainder when 798 is divided by w?
16
Suppose 208*z = -q + 204*z + 221, -z = 5*q - 1105. What is the remainder when 1083 is divided by q?
199
Let g be (-28)/3*(-540)/105. Let f = g + 57. Suppose 102*j = f*j - 51. Calculate the remainder when 31 is divided by j.
14
Let t = -18689 + 18787. Calculate the remainder when t is divided by 80.
18
Suppose -2*q + 972 + 56 = 2*a, 3*q - 1510 = 5*a. What is the remainder when q is divided by 236?
38
Suppose 3*p - 28 = 2. Suppose p - 55 = -c. Suppose -4*n + c = -3*n. What is the remainder when n is divided by 16?
13
Suppose -3*q - 2*n + 21 + 8 = 0, n = -3*q + 34. Let b = -151 + 319. What is the remainder when b is divided by q?
12
What is the remainder when 5436/7 - 54/(-126) is divided by 12?
9
Suppose 6 = 2*a, 2764*x + a + 1602 = 2769*x. Calculate the remainder when x is divided by 34.
15
Calculate the remainder when (2 + -7)*(-15 + 11728/(-80)) is divided by 115.
3
Let s = -264 - -648. Let n = s + -291. Calculate the remainder when n is divided by 5.
3
Suppose 0 = -5*w + 3*l + 813, 6*w - 7*w + 5*l + 189 = 0. What is the remainder when 624 is divided by w?
147
Let m(o) = -o**3 + 11*o**2 + 14*o - 10. What is the remainder when (11 - 19 - -6) + 27 is divided by m(12)?
11
Suppose 154 = -2*b - 5*k + 217, -b = 4*k - 30. What is the remainder when 2991 is divided by b?
33
Suppose 4*f + 194 = 3*v, -174*f + 169*f - 258 = -4*v. What is the remainder when 991 is divided by v?
61
Let c(b) = -b**3 - 4*b**2 + b + 1. Let j be c(-6). Suppose -5*z + 4*z + 3*a = -j, 0 = z - 2*a - 66. What is the remainder when 319 is divided by z?
63
Suppose -19*s = -365 - 1136. Suppose j = 5*d + s, 71 + 105 = 2*j - d. What is the remainder when j is divided by 25?
14
Let y = -6103 - -6149. Calculate the remainder when 241 is divided by y.
11
Suppose -2*b = -2*y - 192, -10*b + 4*y - 453 = -15*b. Let t(w) = w**2 - 15*w - 2. What is the remainder when b is divided by t(17)?
29
Suppose -35*b = -22*b - 910. Let w(g) = -17*g - 230. Calculate the remainder when b is divided by w(-14).
6
Let a = -1047 - -1058. What is the remainder when 107 is divided by a?
8
Let a be (-4)/(-1) + (25 - (-1 + 5)). Suppose -4*p + p = 3*t + 57, -5*p - a = 0. Let h = 1 - t. Calculate the remainder when 27 is divided by h.
12
Let v = -4343 - -4627. Calculate the remainder when 294 is divided by v.
10
Let k = 16223 + -15016. What is the remainder when k is divided by 381?
64
Let v(g) = g**2 - 2*g. Let d be v(2). Suppose -k + d*k = -42. Calculate the remainder when k is divided by (-54)/(-567) + 750/63.
6
Suppose -1601 = -417*m + 2569. What is the remainder when (4/(-1))/(1/(-27)) is divided by m?
8
Let q(d) = -d + 1. Let z(j) = 155*j. Let m(g) = 3*q(g) + z(g). Let a be m(1). Suppose 3*r = -2*r + a. Calculate the remainder when r is divided by 11.
9
Suppose 438*c = 439*c - 79. What is the remainder when c is divided by (-2 + -2)*50/(-5)?
39
Let a = -810 + 1066. Calculate the remainder when a is divided by 20.
16
Calculate the remainder when -11 + 4281/(-8 - -11) is divided by 466.
18
Suppose -v + 14 = 2*a - 6*v, -35 = -5*a - v. Let f(p) = 3*p - 17. Let r be f(a). Suppose 57*q - 56*q - r = 0. What is the remainder when 6 is divided by q?
2
Let f be 7/(2/(-8) - 424/(-1568)). Let a = 365 - f. Calculate the remainder when 33 is divided by a.
11
Let w(m) = m**3 + 21*m**2 - 57*m - 90. Suppose -41*c = -37*c - 4*z + 104, z + 20 = -c. What is the remainder when w(c) is divided by 11?
9
Suppose 1056*n + 160 = 1058*n + 2*v, 0 = -n + v + 74. Calculate the remainder when 1534 is divided by n.
71
What is the remainder when 1392 is divided by 635/889*556*(-3 - (-76)/16)?
2
Let j(p) = p**3 - 32*p**2 - 134*p + 312. Calculate the remainder when j(36) is divided by 1.
0
Suppose -17*z = -18*z + 4. Suppose -347 + 407 = z*m. What is the remainder when 33 is divided by m?
3
What is the remainder when 876 is divided by (-369 + 363)/((-3)/44 + 0/(-2))?
84
Let x(d) = 2*d**2 + 4*d + 4. Suppose 11*v = 17*v - 24. Suppose 3*b - 4*b - 2*n + 11 = 0, -33 = -3*b - v*n. Calculate the remainder when x(-5) is divided by b.
1
Suppose 5 = -3*m + 4*m + 2*w, 3*w - 9 = 0. Suppose 4*p = -4*v + 32, -2*p + 5*p + 11 = 2*v. Calculate the remainder when v is divided by (-2*(m - 2))/2.
1
Let x = -99 + 142. Calculate the remainder when 359 is divided by (6/4)/(x/1290).
44
Let k = 51 + -46. Suppose k*x = -0*x + 95. Let h = 185 + -131. What is the remainder when h is divided by x?
16
Let f(h) = -h**2 + 11*h + 83. Let d be f(16). Suppose -d*b + a = 4*a - 39, 0 = -a + 5. Calculate the remainder when 13 is divided by b.
5
Suppose 11*t - 31*t = -12*t - 42424. What is the remainder when t is divided by 32?
23
Let s(j)